41*m - 109797 = 266*m - 680847. What is the thousands digit of m?
2
What is the units digit of ((-4)/6 - (-5 + 5))/((-28)/91518)?
9
Let h = 109 - 269. What is the hundreds digit of (96/h)/((-1)/890)?
5
Suppose -20*y = -31760 - 58400. What is the hundreds digit of y?
5
Suppose -12600 = -5*h + 5*o, 8*h = 6*h + 4*o + 5032. What is the hundreds digit of h?
5
Let m(i) = 9*i**3 + 6*i**2 - 6*i - 1. Let d be m(5). Suppose 5*f - 3*a + 1002 = 0, -448 = -4*f + a - d. Let u = f - -296. What is the tens digit of u?
9
Suppose -o + 3*l = -0*o - 13169, -18*l + 16*l = 0. What is the ten thousands digit of o?
1
Let j be (-6)/14 + 1 + 104/14. Let n(b) = -b**3 + 8*b**2 - b + 9. Let o be n(j). What is the units digit of (570/(-2))/(-3) - (o - 1)?
5
Let u(d) = -5*d**3 - 52*d**2 - 10*d + 128. What is the ten thousands digit of u(-25)?
4
Let l(v) = 10*v + 30. Suppose 3*w = -a - 4*a + 26, -3*w = 3*a - 18. Suppose 3 - 29 = -2*s + g, w*g = -s + 23. What is the tens digit of l(s)?
8
Suppose 4*h - 17 - 3 = 0. Suppose -h*q - 4135 = -5*w - 0*w, 5*w - 4130 = 4*q. What is the tens digit of w?
2
Suppose c + 3*l = 15088, 3*c - 45238 = -62*l + 66*l. What is the hundreds digit of c?
0
Suppose -b - 65 = -5*f + 19, f - 24 = 2*b. Suppose -11*s = -f*s - 2040. Let n = -235 - s. What is the hundreds digit of n?
1
Let w(q) = 14*q**2 + 10*q - 38. Let a be w(6). Suppose 0 = 3*h - a + 76. What is the tens digit of h?
5
Suppose -m - 15 = 2*m, 3*m = -3*o. Let l be 140 + 33*6/18. Suppose 0 = -o*f + l - 11. What is the tens digit of f?
2
Suppose 262 = -4*l + 5*j + 305, 5*j + 8 = -l. Let q = 1 + 1. What is the units digit of (-90)/(-21) - q/l - 2?
2
Let r(i) = 489*i - 3521. What is the units digit of r(10)?
9
Suppose 5*j - 21 = -h, -3*h = -0*h - 5*j - 23. Suppose -h*p + 15*p = 1648. What is the units digit of p?
2
Suppose 47*x = 21*x + 1197726 + 544638. What is the hundreds digit of x?
0
Let z(d) = -d**2 + 11*d + 17. Let r be z(12). Suppose r*s + 1 + 4 = 0, -1 = -f - 2*s. Suppose 5*k + f*c = 280, -2*k - c + 48 = -64. What is the tens digit of k?
5
Suppose 27 = 3*z - 3*x, x + 8 = 3*z - 9. Let d(w) be the first derivative of 11*w**3/3 - w**2 + 3*w + 1. What is the hundreds digit of d(z)?
1
Let h(t) = -t**3 + 18*t**2 - 20*t - 1. Let d be h(17). Let r = d + 55. Suppose -r*u = -n + 147, -2*n - 8*u = -3*u - 272. What is the tens digit of n?
4
Suppose 0 = -4*w + 4*g + 20, 3*w + 2*g - 6 = 4. Let a be 14 - w/(-8)*4. Let y = 75 + a. What is the units digit of y?
1
Let p = 232 + -227. Suppose -3*f + 441 = 3*s - 2*s, 0 = -p*f - s + 737. What is the units digit of f?
8
Suppose 6*p + 20 = 2. Let s be 2 - 3 - 55*(p + 2). Suppose 0 = 7*q - s - 100. What is the units digit of q?
2
Let l(i) = -i**3 + 4*i**2 + 8*i - 3. Let k be l(5). Let h(j) = -j**2 + 9*j + 37. Let m be h(k). What is the units digit of ((-14)/4)/(m + (-177)/174)?
3
What is the hundreds digit of (3/(3/358))/((-8526)/2856 - -3)?
3
Let i = -56 + 71. Let w be 2/(-3) - 6/(-9). Suppose w = i*c - 18*c + 213. What is the units digit of c?
1
Suppose -6 = -2*y - 10. Let z(k) = 71*k**2 - k - 1. What is the units digit of z(y)?
5
Let a(m) be the first derivative of -m**4/4 + 4*m**3/3 + m**2 - 25*m + 21. Let f be a(4). Let n = f + 136. What is the units digit of n?
9
Suppose 85 = x + 5*i - 85, -2*x - 4*i + 328 = 0. Suppose 409 = 5*z + q + x, q + 201 = 4*z. What is the units digit of (5 + 0)*420/z?
2
Suppose -5*z - 4*a - 3694 = 0, 2*z = 4*a - 7*a - 1479. What is the hundreds digit of 6/(-4*3/z)?
3
Suppose 6460*l - 6431*l = 586264. What is the thousands digit of l?
0
Suppose -7*n = -2*n - c - 5445, -3*n = 2*c - 3267. Suppose -19*y + 28*y = n. What is the hundreds digit of y?
1
Suppose -13*c + 19*c = -1146. What is the hundreds digit of 0 - (3 + (-24)/4 + c)?
1
Let l = 20 + -15. Suppose l - 14 = -3*m. What is the units digit of 65 + 1 + -2 + m?
7
Let p = 16 + -12. Suppose 5*z - 810 = -2*d + 382, p*z = 2*d + 950. What is the hundreds digit of z?
2
Let q(u) = 38 - 1 + 9*u + 2*u. Let i be q(-5). What is the tens digit of 4/72*-4 + (-886)/i?
4
Let z = 425 + -425. Suppose -3*v - 5*p + 2563 = z, -p - 92 = -3*v + 2477. What is the hundreds digit of v?
8
Let g(b) = 392*b**3 - b**2 + 92. Let x(i) = 262*i**3 - i**2 + 66. Let n(o) = 5*g(o) - 7*x(o). Let q = 3 - 2. What is the tens digit of n(q)?
2
Let k = 104 - 104. Let q(t) = 5*t + k*t**3 + 7*t**2 - 5 - 2*t**3 - 11*t**2 - 3*t**2. What is the hundreds digit of q(-7)?
3
What is the ten thousands digit of (-5337)/(-63)*(0 - -329)?
2
Let d(i) = 95*i**2 + i. Let s be d(2). Let r = s + 162. What is the hundreds digit of r?
5
Let d(v) = 4*v**3 - 22*v**2 + 244*v + 54. What is the thousands digit of d(13)?
8
Let m(k) = 10 - 17*k - 1 - 20*k - 3. Let g be m(-3). Suppose 0 = -6*o + 9*o - g. What is the tens digit of o?
3
Let b = 179 + -179. Suppose b = 11*k - 13*k + 154. What is the tens digit of k?
7
Let j(p) = -495 - 10*p + 253 + 245. Let g(m) = m**3 + 3*m**2 + 6*m + 6. Let z be g(-2). What is the units digit of j(z)?
3
Suppose 0 = h + 42 + 48. Let t = h - -104. What is the tens digit of (1 - 708)*t/(-49)?
0
Let z(r) = -19192*r**3 - 3*r**2 - 31*r - 31. What is the tens digit of z(-1)?
8
Let o(j) = -j**3 + 5*j**2 - 4*j + 23. Let l be o(5). Suppose 12*y + 2530 = 5*m + 13*y, 0 = l*y. What is the units digit of m?
6
Let q(o) = -o**3 + 2*o**2 + o. Let a be q(3). Let v(d) = 29*d - 51. Let j(l) = 15*l - 26. Let h(y) = 11*j(y) - 6*v(y). What is the tens digit of h(a)?
7
Suppose -87 - 113 = -5*p. What is the units digit of (p/25)/(4/1310)?
4
Let s(p) = 77*p - 225. Let n(x) = 26*x - 75. Let q(b) = 11*n(b) - 4*s(b). Let y(f) = f + 1. Let w(o) = q(o) + 5*y(o). What is the hundreds digit of w(-6)?
1
Let s(z) = 7*z + 3. Let l be s(-1). What is the units digit of l/6*(2348 + 4)/(-7)?
4
Suppose 5*u + 14 = -n + 27, -2*u = -4*n + 8. Suppose 3*w + u*w - 6447 = 4*z, -3*z = 2*w - 2565. What is the tens digit of w?
8
Let f = 17975 - 9089. What is the tens digit of f?
8
Suppose 0 = 5*q + 3*z - 28868, -7*z + 4*z - 12 = 0. What is the thousands digit of q?
5
Let k = 243 - -235. Suppose 0 = 4*g - 5*h + k, 0*h - 4*h - 460 = 4*g. Let m = 163 + g. What is the tens digit of m?
4
Suppose 13*b - 139157 - 56208 = -52846. What is the thousands digit of b?
0
Suppose 0 = -43*f + 42*f + 16062. What is the units digit of f?
2
Let q(t) = 13*t**3 + 3*t. Let x = -44 - -42. Let k be q(x). Let n = -43 - k. What is the tens digit of n?
6
Suppose -48*g - 7*g = g - 2539544. What is the units digit of g?
9
What is the ten thousands digit of -7 - (-87)/(22/209 + 14524/(-140144))?
5
Let q(z) = 51 + 12*z**2 - 9*z**2 + 6*z - 55. Suppose 0 = -5*s + 12 + 13. What is the hundreds digit of q(s)?
1
Let o = 452 - 762. Let p = o - -634. What is the hundreds digit of p?
3
Let f(l) = -64*l + 244. Let d be 0/(-1) + (-9 - -21) + -36. What is the tens digit of f(d)?
8
Let p be 4/(-32)*2 - (-116)/16. Suppose -2*k + 120 = 2*f, -p*k = -2*k - 20. What is the tens digit of f?
5
Let u = 15 + -9. Suppose 4*s = 2*x + u, -6*x + 2*x + 12 = 4*s. What is the units digit of ((-60)/18)/(x/(-90)*2)?
0
Suppose -28266 = -3*m - 3*x, 5*x + 18858 = -75*m + 77*m. What is the thousands digit of m?
9
Suppose 0 = n - 3*n + 2*j + 6264, -2*j + 15667 = 5*n. Let w = n + -2044. What is the thousands digit of w?
1
Let z = -23 + 28. Suppose -a + 95 = 2*a - z*h, -4*h + 9 = a. What is the tens digit of a?
2
Let p(s) = 120*s + 20. Let i = 87 + -163. Let g = -74 - i. What is the units digit of p(g)?
0
Let w(p) = -2*p - 16. Let v be w(-10). Suppose v*z = 4, o - 2*z = -0*o. Suppose o*l = 80 + 52. What is the tens digit of l?
6
Suppose -4*u - 4*n = -261 - 351, 2*u - 310 = 2*n. What is the hundreds digit of (0 - -10)*(-6)/((-24)/u)?
3
Suppose 18*w - 23704 - 138062 = 0. What is the hundreds digit of w?
9
Let g(o) be the third derivative of -o**6/120 + 7*o**5/60 + 11*o**3/6 + o**2. Suppose -a - 383 = -388. What is the tens digit of g(a)?
6
Let i = -5249 - -15403. What is the hundreds digit of i?
1
Let x(a) = 3*a**2 - 4*a - 31. Suppose 0 = 5*c - 4*d - 110, 3*d + 72 = 5*c - 38. Let m = 29 - c. What is the units digit of x(m)?
8
Suppose 118128 + 35153 = 123*d - 51391. What is the thousands digit of d?
1
Suppose -2*g + 3*h - 5 = 0, 0*g + 14 = 4*g + 2*h. Suppose -8 = -g*y - 5*o, -5*y = 3*o + 2*o - 5. What is the tens digit of ((-2)/